{"id":1399,"date":"2018-12-14T10:14:19","date_gmt":"2018-12-14T09:14:19","guid":{"rendered":"https:\/\/kongress2023.iob-ev.com\/?page_id=1399"},"modified":"2022-06-09T14:56:15","modified_gmt":"2022-06-09T12:56:15","slug":"veranstalter-schirmherrin","status":"publish","type":"page","link":"https:\/\/kongress2023.iob-ev.com\/en\/veranstalter-schirmherrin\/","title":{"rendered":"Organizer &#038; Patron"},"content":{"rendered":"<p><\/p>\n<div class=\"listelement\">\n<p>Copyright, unless expressly stated otherwise:<\/p>\n<\/div>\n<div class=\"absatz\">\n<div class=\"p\">\n<p><a href=\"https:\/\/iob-ev.com\/wp-content\/uploads\/2018\/12\/logo.png\"><img decoding=\"async\" class=\"size-full wp-image-1006 alignleft lazyload\" data-src=\"https:\/\/iob-ev.com\/wp-content\/uploads\/2018\/12\/logo.png\" alt=\"\" width=\"134\" height=\"75\" src=\"data:image\/svg+xml;base64,PHN2ZyB3aWR0aD0iMSIgaGVpZ2h0PSIxIiB4bWxucz0iaHR0cDovL3d3dy53My5vcmcvMjAwMC9zdmciPjwvc3ZnPg==\" style=\"--smush-placeholder-width: 134px; --smush-placeholder-aspect-ratio: 134\/75;\" \/><\/a>IOB<br \/>\nInternationale Organisation f\u00fcr naturnahe Badegew\u00e4sser e. V.<br \/>\nGesch\u00e4ftsstelle: \u00dcberseetor 14<br \/>\nD-28217 Bremen<\/p>\n<\/div>\n<\/div>\n<div class=\"absatz\">\n<div class=\"p\">\n<div><\/div>\n<div class=\"randbemerkung\"><a href=\"https:\/\/iob-ev.com\/wp-content\/uploads\/2019\/03\/iob-flag-b.jpg\"><img decoding=\"async\" class=\"wp-image-5250 size-full alignleft lazyload\" data-src=\"https:\/\/kongress2023.iob-ev.com\/wp-content\/uploads\/2022\/06\/iob-flag-b.jpg\" alt=\"\" width=\"125\" height=\"93\" src=\"data:image\/svg+xml;base64,PHN2ZyB3aWR0aD0iMSIgaGVpZ2h0PSIxIiB4bWxucz0iaHR0cDovL3d3dy53My5vcmcvMjAwMC9zdmciPjwvc3ZnPg==\" style=\"--smush-placeholder-width: 125px; --smush-placeholder-aspect-ratio: 125\/93;\" \/><\/a>In Cooperation with Groen Groeien Zwemvijverbouwers<br \/>\nHoogrokersstraat 6<br \/>\nB-8740 Pittem<br \/>\nTel +32 475 80 44 50<br \/>\nE-Mail peter.lauwers@groengroeien.be<\/div>\n<div class=\"url\">\n<div><\/div>\n<\/div>\n<div class=\"url\"><\/div>\n<\/div>\n<\/div>\n<p>Groen Groeien Zwemvijverbouwers and IOB would like to thank all colleagues and companies who have provided photographs for this website. If you are interrested in getting some companys contact, regarding the projects on display, please contact the IOB office via email.<\/p>","protected":false},"excerpt":{"rendered":"<p>Copyright, unless expressly stated otherwise: IOB Internationale Organisation f\u00fcr naturnahe Badegew\u00e4sser e. V. Gesch\u00e4ftsstelle: \u00dcberseetor 14 D-28217 Bremen In Cooperation with Groen [&hellip;]<\/p>\n","protected":false},"author":1,"featured_media":0,"parent":0,"menu_order":0,"comment_status":"closed","ping_status":"closed","template":"","meta":{"footnotes":""},"class_list":["post-1399","page","type-page","status-publish","hentry"],"_links":{"self":[{"href":"https:\/\/kongress2023.iob-ev.com\/en\/wp-json\/wp\/v2\/pages\/1399","targetHints":{"allow":["GET"]}}],"collection":[{"href":"https:\/\/kongress2023.iob-ev.com\/en\/wp-json\/wp\/v2\/pages"}],"about":[{"href":"https:\/\/kongress2023.iob-ev.com\/en\/wp-json\/wp\/v2\/types\/page"}],"author":[{"embeddable":true,"href":"https:\/\/kongress2023.iob-ev.com\/en\/wp-json\/wp\/v2\/users\/1"}],"replies":[{"embeddable":true,"href":"https:\/\/kongress2023.iob-ev.com\/en\/wp-json\/wp\/v2\/comments?post=1399"}],"version-history":[{"count":0,"href":"https:\/\/kongress2023.iob-ev.com\/en\/wp-json\/wp\/v2\/pages\/1399\/revisions"}],"wp:attachment":[{"href":"https:\/\/kongress2023.iob-ev.com\/en\/wp-json\/wp\/v2\/media?parent=1399"}],"curies":[{"name":"wp","href":"https:\/\/api.w.org\/{rel}","templated":true}]}}

<p></p>
<div class="listelement">
<p>Copyright, unless expressly stated otherwise:</p>
</div>
<div class="absatz">
<div class="p">
<p><a href="https://iob-ev.com/wp-content/uploads/2018/12/logo.png"><img decoding="async" class="size-full wp-image-1006 alignleft lazyload" data-src="https://iob-ev.com/wp-content/uploads/2018/12/logo.png" alt="" width="134" height="75" src="data:image/svg+xml;base64,PHN2ZyB3aWR0aD0iMSIgaGVpZ2h0PSIxIiB4bWxucz0iaHR0cDovL3d3dy53My5vcmcvMjAwMC9zdmciPjwvc3ZnPg==" style="--smush-placeholder-width: 134px; --smush-placeholder-aspect-ratio: 134/75;" /></a>IOB<br />
Internationale Organisation für naturnahe Badegewässer e. V.<br />
Geschäftsstelle: Überseetor 14<br />
D-28217 Bremen</p>
</div>
</div>
<div class="absatz">
<div class="p">
<div></div>
<div class="randbemerkung"><a href="https://iob-ev.com/wp-content/uploads/2019/03/iob-flag-b.jpg"><img decoding="async" class="wp-image-5250 size-full alignleft lazyload" data-src="https://kongress2023.iob-ev.com/wp-content/uploads/2022/06/iob-flag-b.jpg" alt="" width="125" height="93" src="data:image/svg+xml;base64,PHN2ZyB3aWR0aD0iMSIgaGVpZ2h0PSIxIiB4bWxucz0iaHR0cDovL3d3dy53My5vcmcvMjAwMC9zdmciPjwvc3ZnPg==" style="--smush-placeholder-width: 125px; --smush-placeholder-aspect-ratio: 125/93;" /></a>In Cooperation with Groen Groeien Zwemvijverbouwers<br />
Hoogrokersstraat 6<br />
B-8740 Pittem<br />
Tel +32 475 80 44 50<br />
E-Mail peter.lauwers@groengroeien.be</div>
<div class="url">
<div></div>
</div>
<div class="url"></div>
</div>
</div>
<p>Groen Groeien Zwemvijverbouwers and IOB would like to thank all colleagues and companies who have provided photographs for this website. If you are interrested in getting some companys contact, regarding the projects on display, please contact the IOB office via email.</p>

<p>Copyright, unless expressly stated otherwise: IOB Internationale Organisation für naturnahe Badegewässer e. V. Geschäftsstelle: Überseetor 14 D-28217 Bremen In Cooperation with Groen [&hellip;]</p>
